rime factors of i.
2, 11
Let k(p) = 2*p**3 - 2*p**2 - 3*p + 4. Let t be k(-4). Let c = t - -212. Suppose -c = -4*h - 0*h. List the prime factors of h.
17
Let k(p) = 10*p**2 - 15*p + 52. What are the prime factors of k(8)?
2, 11, 13
Let q(p) = 1584*p + 2. What are the prime factors of q(1)?
2, 13, 61
Let r(m) = 5*m + 18. Let d(z) = -14*z - 54. Let k(x) = -3*d(x) - 8*r(x). Let c be k(-13). Let a = c - -16. List the prime factors of a.
2
Suppose 5*n - 2*v = 14, -3*n + 5*v + 1 - 4 = 0. Suppose -140 = -2*f + n*c, -2*f - f = 2*c - 178. List the prime factors of f.
2, 31
Let l(d) be the second derivative of -d**3/2 - 5*d**2/2 + d. Let u be l(-11). Suppose -2*g + u = -g. List the prime factors of g.
2, 7
Let s(z) = 5*z**3 - 2*z**2 + 3*z - 2. Let v be s(1). Let b(g) = -g**3 - g**2 - g + 5. Let d be b(0). Suppose -d*i + v = -3*i. List the prime factors of i.
2
Let j be (3/(-6))/(2/(-20)). Suppose -5*v + 11 + 14 = j*i, v + 3 = i. What are the prime factors of 21/i*112/42?
2, 7
What are the prime factors of (-23 + 35)/((-507)/(-498) + -1)?
2, 83
Suppose 5*l - 5 = 0, -3*r + 3*l = 2*r + 3. Let m be 1 + (1 + r)*-1. Suppose m = 2*o + o - 30. List the prime factors of o.
2, 5
Let m = 1024 - 827. What are the prime factors of m?
197
Suppose -5*m = -t - 13706, -10*m + 5*m = 3*t - 13722. What are the prime factors of m?
2, 3, 457
Let c be (-6)/(-42) + (-197)/7. Let y = c - -10. Let p = y + 32. List the prime factors of p.
2, 7
Suppose -162 + 1725 = f. What are the prime factors of f?
3, 521
Suppose 1 + 0 = -v. Let z = 10 + -8. Let q = z - v. What are the prime factors of q?
3
Let k = -11 - 9. Let w = 124 + k. List the prime factors of w.
2, 13
Let p(m) = -m**3 + 13*m**2 + m - 11. Let z be p(13). List the prime factors of 55/z*28/35.
2, 11
Let m(b) = -b. Let p = 4 + 11. Let c(t) = -7*t + 1. Let r(k) = p*m(k) - 3*c(k). What are the prime factors of r(7)?
3, 13
Suppose -5*q - 3*k + 528 = k, -4*q = -3*k - 410. What are the prime factors of q?
2, 13
Suppose -10 = -9*h + 7*h. Suppose 0*c + 5*t = -3*c + 181, c = h*t + 67. List the prime factors of c.
2, 31
Let p be 1*(-5 + 2) + 37. Suppose 4 = -3*f + p. Suppose -1 = m - f. List the prime factors of m.
3
Let n(d) = -11*d + 54. What are the prime factors of n(0)?
2, 3
Let h(t) = -t**3 + 20*t**2 - 28*t - 25. What are the prime factors of h(13)?
2, 397
Suppose 0*g + 8*g = -2392. Let x = g - -531. What are the prime factors of x?
2, 29
Suppose 60 = -4*u - 0*u. Let o = u - -16. Let y(q) = 59*q**3 + q**2 - q + 1. What are the prime factors of y(o)?
2, 3, 5
Let j = 576 + -493. List the prime factors of j.
83
List the prime factors of (-521)/(-5) - 8/60*-6.
3, 5, 7
Let g(f) = -2*f + 11*f + 4*f**2 + 0*f**2 + 7*f + 7. What are the prime factors of g(7)?
3, 5, 7
Suppose -11 = -4*l + 17. Suppose q = -21 + l. Let f = q - -27. List the prime factors of f.
13
What are the prime factors of -15 + 11 + -3 + 81?
2, 37
Suppose -2*q + 33 = -3*l, 2*l - 24 = -4*q + 2. Let r(u) = -2*u + 12. Let w be r(q). Let g(f) = f**3 + 7*f**2 + 5*f + 5. List the prime factors of g(w).
11
Suppose -9 - 2 = 4*i - 3*g, 2*i + 8 = 2*g. Let h(o) = 26*o + 2. List the prime factors of h(i).
2, 7
Let b(g) = -183*g - 6. Let y be b(6). What are the prime factors of y/(-40) + 6/(-10)?
3
Let o = -55 + 65. Suppose 0 = -16*r + o*r + 642. What are the prime factors of r?
107
Let j = 2 + -1. Let v = j - 0. List the prime factors of v/(-4) - (-169)/52.
3
Let u = 4 + 1. Let d = 109 - 109. Suppose d = -y - u*q + 37 + 2, 4*q + 108 = 4*y. What are the prime factors of y?
29
Let g(a) = 97*a + 138. What are the prime factors of g(14)?
2, 11, 17
Let i = -73 + 176. Suppose -5*k + 663 = i. Suppose -k - 28 = -4*m. List the prime factors of m.
5, 7
What are the prime factors of (-2)/(-18)*-1 - (-42672)/108?
5, 79
Let p(b) = -11*b + 376. What are the prime factors of p(0)?
2, 47
Suppose 2*n + 9040 = 5*z, z - 1485 = -4*n + 323. What are the prime factors of z?
2, 113
Let b = 12 + -8. Let i be 1216/(-80)*35/(-7). Suppose 67 = l - b*q, 0*l + 5*q - i = -l. List the prime factors of l.
71
Let a = -95 - -92. What are the prime factors of a - 1 - 35/(-1)?
31
Let s(g) = 8 - 14*g + g**2 - 2*g**2 - 2 + 7. Let o be (-22)/8*(-1 - -5). What are the prime factors of s(o)?
2, 23
Suppose 10760 = 66*i - 61*i. What are the prime factors of i?
2, 269
Let a(b) = 5*b + 253. List the prime factors of a(5).
2, 139
Suppose 62 = 3*j + 4*f, 5*j - 98 + 10 = f. List the prime factors of j.
2, 3
Suppose -37 = -6*j - 13. Suppose 2*s - z - 45 = -0*s, -j*s + 4*z + 80 = 0. What are the prime factors of s?
5
Suppose -3*a + 208 = b, 45 = 2*b - 2*a - 363. What are the prime factors of b?
5, 41
Suppose 2*r + 8 = 5*i - 5, 0 = -r + 1. Suppose -4*w + i = -17. What are the prime factors of (-22)/(-2) - (w + -3)?
3
Suppose 197 + 4 = -3*s. Let d(t) = -96*t - 2. Let v be d(-1). Let r = s + v. List the prime factors of r.
3
Let q(u) = u**2 - 3*u + 8. List the prime factors of q(-2).
2, 3
List the prime factors of (-91)/(-7)*40 - -6.
2, 263
Let a(s) be the third derivative of -s**6/120 + 11*s**5/30 - 17*s**4/24 - 47*s**2. List the prime factors of a(21).
2, 3, 7
Let t(b) be the first derivative of 141*b**4/4 + b**3/3 - 2*b**2 + 2*b - 16. List the prime factors of t(1).
2, 5, 7
Suppose 945 = 5*i - 78*u + 82*u, 5*u = -4*i + 765. List the prime factors of i.
5, 37
Let w(t) = -t**2 + 18*t + 7. Suppose -6*d - 8 + 74 = 0. List the prime factors of w(d).
2, 3, 7
Let d(j) be the first derivative of 8*j**3/3 - 3*j**2 + 6*j - 3. Let x be d(3). Suppose -3*v + 48 = -x. List the prime factors of v.
2, 3
Suppose -5*q + 5 = -3*b, -b = -4*b + 3*q - 3. Suppose 0 = 4*y - 5*n - 252, y - 2*y - 3*n + 80 = b. List the prime factors of y.
2, 17
Suppose -10 = 2*p - 0*p. Let c = 17 + p. Suppose -3*t + c = 0, 2*u - 36 = -3*t - 0*t. What are the prime factors of u?
2, 3
Let m(c) = -c**3 - 5*c**2 + 16*c - 9. Let g be m(-8). Let p = 40 + g. What are the prime factors of p?
5, 19
What are the prime factors of (4 + (-56)/32)*264?
2, 3, 11
Let n(d) = -106*d - 50. List the prime factors of n(-15).
2, 5, 7, 11
Suppose -4*d + 68 = 60. List the prime factors of d/((-966)/194 - -5).
97
Let m(i) = i**2 + 4*i + 6. Let k be m(-9). Suppose t - 4*z - k = -0*t, 0 = z. List the prime factors of t.
3, 17
Suppose -j + 10 = -44. Let l be (6 + -3)*(-76)/6. Let f = l + j. What are the prime factors of f?
2
Let n(c) = -5 - 30*c - 25*c + 47*c. Let a be n(-4). Let y = a - 17. List the prime factors of y.
2, 5
Suppose -25 = 2*k + 3*k. Let v(a) = a**2 + 3*a - 8. Let f be v(k). Suppose 2*y = 0, f*m + m - 48 = -5*y. List the prime factors of m.
2
Suppose -79 - 9 = -4*u. List the prime factors of ((-583)/u)/(5/(-2) + 2).
53
Suppose -6*o + 31 + 29 = 0. Let c(r) = 0*r**2 + 11*r**2 + o - 9*r**2 + 2*r + 6*r. List the prime factors of c(-4).
2, 5
Let a = 4 + -29. Let c be (a/15)/((-1)/6). List the prime factors of c/(-35) + (-88)/(-14).
2, 3
Suppose -38*i + 3437 = -36*i + 5*q, -5*i + 8545 = 3*q. List the prime factors of i.
2, 853
Let t(y) = 17*y - 17. Let m(q) = -q - 1. Let w(j) = 6*m(j) + t(j). List the prime factors of w(5).
2
Suppose 0 = -5*j - 4*k + 1046, -j + 208 = -0*j + 2*k. List the prime factors of j.
2, 3, 5, 7
Suppose 0 = 3*b - 4*q + 65, q - 5*q - 50 = 2*b. Let x = b + -29. List the prime factors of (-3)/((-196)/x - 4).
13
Let k = 120 + -55. Let a be (4/(-5))/((-1)/k). Suppose i + 3*i = -2*g + 44, -2*g = 2*i - a. List the prime factors of g.
2, 3, 5
Suppose 711 = -3*j + 6*j. Suppose j + 21 = 3*a. List the prime factors of a.
2, 43
Let j(f) = f**2 - 10. What are the prime factors of j(-7)?
3, 13
Let j(k) = 5*k - 16. Let d be j(4). Suppose -10 = -w + 3*w, -d*m = 3*w - 245. List the prime factors of m.
5, 13
Let r(c) = -33*c + 410. List the prime factors of r(-19).
17, 61
Suppose -292 = 2458*b - 2459*b. What are the prime factors of b?
2, 73
Let n(p) = p**3 - p**2 + 3*p - 4. Let v be n(3). Suppose 18*b + 510 = v*b. List the prime factors of b.
2, 3, 17
Suppose -2*w - 6*w + 32 = 0. Suppose 5*b - 298 = -5*m + 642, w*m - 749 = -3*b. What are the prime factors of m?
5, 37
Let p(y) = y**2 + 3*y + 2. Let d be p(-3). Let u be 0 + d - (2 + 6). Let v(o) = -o**3 - 5*o**2 - o - 10. What are the prime factors of v(u)?
2
Let g be 24 + ((-4)/(-2))/(-1) + -2. Suppose 371 = 9*u + g. List the pri